 base 9, what is 15 + 13522?
13537
In base 9, what is 7066 + -72?
6884
In base 14, what is 2a73d1 - 1?
2a73d0
In base 3, what is 11222 - 202011?
-120012
In base 13, what is 23 + 257?
27a
In base 10, what is 56567 - 2?
56565
In base 2, what is 10010 - 1111101101?
-1111011011
In base 9, what is 7078 + -2?
7076
In base 12, what is 4b31 - 3?
4b2a
In base 15, what is 57e8 + 6e?
5867
In base 2, what is 1 + -11010000001110000010?
-11010000001110000001
In base 9, what is 18 + 30?
48
In base 7, what is -2 - 2100542?
-2100544
In base 4, what is 33 - -230202?
230301
In base 16, what is 3 - -2f3be?
2f3c1
In base 16, what is 988 - -6?
98e
In base 15, what is -39dd + 1?
-39dc
In base 16, what is -1c + 55?
39
In base 10, what is 1965 + -2062?
-97
In base 10, what is -4023 - -16?
-4007
In base 12, what is 2682a4 + 1?
2682a5
In base 8, what is 37 + 1260?
1317
In base 16, what is -26a1a - -4?
-26a16
In base 4, what is -11 + 2231110?
2231033
In base 10, what is -341 + -1857?
-2198
In base 10, what is 219 + -3525?
-3306
In base 16, what is -13 - 1b463?
-1b476
In base 6, what is -4 - -5044104?
5044100
In base 11, what is 41 + -345a?
-3419
In base 16, what is 1 + ce3b6?
ce3b7
In base 11, what is 4 + 9187?
9190
In base 9, what is -51 + -38212?
-38263
In base 5, what is 21 - -1031144?
1031220
In base 3, what is 10101201 - -10210?
10112111
In base 15, what is -5 + -2bc09?
-2bc0e
In base 3, what is -1 + -21201010000?
-21201010001
In base 8, what is 43 + -2755?
-2712
In base 13, what is 31 + -2065?
-2034
In base 5, what is -203 + -10030243?
-10031001
In base 13, what is 67 - -6290?
6327
In base 16, what is 6 - -f16?
f1c
In base 9, what is -4 - 251556?
-251561
In base 3, what is 0 + 2110220222?
2110220222
In base 12, what is 337385 + 6?
33738b
In base 6, what is -3322 + -5?
-3331
In base 4, what is 200331 - 1120?
133211
In base 12, what is 22328 - -21?
22349
In base 7, what is -43 + 4160?
4114
In base 4, what is -22022331 + 3?
-22022322
In base 8, what is 114 + -172?
-56
In base 2, what is -101011011 + -1100001011?
-10001100110
In base 8, what is 543064 - 0?
543064
In base 5, what is -2010443 - 3?
-2011001
In base 13, what is 2acb - -2?
2b00
In base 14, what is 5 + -23574?
-2356d
In base 2, what is 1110110110 - 111110010?
111000100
In base 15, what is 4 + -5902?
-58ed
In base 13, what is 28 + -1b4?
-189
In base 11, what is 497 - -59?
545
In base 5, what is -1000233 - -2304?
-442424
In base 12, what is -25 + 191?
168
In base 14, what is -7c402 - 6?
-7c408
In base 8, what is 136 - -20?
156
In base 4, what is -100220331001 - 10?
-100220331011
In base 16, what is -cc66 - 1?
-cc67
In base 14, what is 3728c + -b?
37281
In base 12, what is 56a - 27?
543
In base 7, what is 342635 + -2?
342633
In base 11, what is 79a1 - 4?
7998
In base 11, what is -13a47 + -10?
-13a57
In base 9, what is 487630 + -3?
487626
In base 13, what is -13 - -1509?
14c6
In base 4, what is 123213023 - -2?
123213031
In base 9, what is 5 + -41871?
-41865
In base 3, what is 2 - -11211210?
11211212
In base 12, what is -2160 + -10?
-2170
In base 8, what is 7 - -7523?
7532
In base 3, what is -212112120 + -11?
-212112201
In base 3, what is -2 + -100100000000?
-100100000002
In base 8, what is -75573 - 4?
-75577
In base 7, what is 24 + -16535?
-16511
In base 4, what is 2 - -22313121?
22313123
In base 11, what is -6504 + 2?
-6502
In base 9, what is 215 - 34886?
-34671
In base 2, what is -100 + -1001011100101?
-1001011101001
In base 4, what is -12013200 + 22?
-12013112
In base 8, what is -14 - -50427?
50413
In base 15, what is -290b6 + -1?
-290b7
In base 8, what is -4 - -703620?
703614
In base 16, what is 3be35 - -6?
3be3b
In base 2, what is 1 + 10101110011110010?
10101110011110011
In base 3, what is 102010101122 + 2?
102010101201
In base 4, what is 302 + 1021020?
1021322
In base 3, what is 10211201 + 121222?
11110200
In base 12, what is 2b + 1ba?
229
In base 12, what is -a82b - 0?
-a82b
In base 10, what is -26 - 114?
-140
In base 10, what is 88163 + -1?
88162
In base 16, what is -6 - 94f37?
-94f3d
In base 7, what is -544 + -543?
-1420
In base 16, what is -552 - -37?
-51b
In base 6, what is 444215 - -1?
444220
In base 11, what is -5 + 137193?
137189
In base 5, what is 144431234 + -2?
144431232
In base 9, what is 1 - 30835?
-30834
In base 9, what is -13 - -1238453?
1238440
In base 13, what is -49 - -442?
3c6
In base 16, what is -558 + 254?
-304
In base 11, what is 2 + -99236?
-99234
In base 7, what is -2 - -5664?
5662
In base 2, what is -1 - 100001010100010?
-100001010100011
In base 6, what is -3400 + 113?
-3243
In base 8, what is 37010 + 457?
37467
In base 8, what is -2122 - -2320?
176
In base 10, what is 1 + -161753?
-161752
In base 2, what is 11001011101000010011111 - -101?
11001011101000010100100
In base 11, what is 35 + 4283?
4308
In base 8, what is 14 - 473044?
-473030
In base 2, what is -1100001101111 + 1010100?
-1100000011011
In base 4, what is -20203 + 303211?
223002
In base 15, what is 6a + -a5?
-3a
In base 5, what is -1212424 + -1034?
-1214013
In base 11, what is -24 + 734?
710
In base 8, what is -271 + 2550?
2257
In base 10, what is -181 - -371?
190
In base 13, what is -3b8037 + -3?
-3b803a
In base 4, what is 1 + -322003?
-322002
In base 3, what is -11 - 20110220112?
-20110220200
In base 15, what is 3 + a866?
a869
In base 7, what is 21 - -333526?
333550
In base 13, what is 2a - -8454?
8481
In base 14, what is -658 + 1c93?
1639
In base 2, what is 1110110100 + -1011111?
1101010101
In base 10, what is 292 - 863?
-571
In base 12, what is -1313 - 974?
-2087
In base 9, what is 7572466 - -5?
7572472
In base 13, what is -2b87 - 2?
-2b89
In base 13, what is 1c1a + -10?
1c0a
In base 11, what is 9 + -440a?
-4401
In base 14, what is -c74 - -4d?
-c25
In base 16, what is -5db9 - -32?
-5d87
In base 6, what is -1551115 + -3?
-1551122
In base 3, what is 111221 - 10102?
101112
In base 14, what is 205d - -1?
2060
In base 6, what is 54 - 123231?
-123133
In base 9, what is 13383 - 1?
13382
In base 2, what is -1110000100001010 - -10101?
-1110000011110101
In base 13, what is 4 - -23c9?
2400
In base 9, what is -30 - 55342?
-55372
In base 12, what is 6 - -129bb7?
12a001
In base 2, what is 1001 - -100010100100?
100010101101
In base 3, what is 21 + 100210111?
100210202
In base 6, what is 3333 + -152?
3141
In base 3, what is 101200 - -222?
102122
In base 10, what is -288277 - -1?
-288276
In base 5, what is -4 - 142200?
-142204
In base 7, what is 33116306 + 5?
33116314
In base 4, what is -11 - -1220213312?
1220213301
In base 12, what is 4 + 96?
9a
In base 14, what is 6b7 + 18?
6d1
In base 5, what is 1001 + -101024?
-100023
In base 6, what is -143342 - 15?
-143401
In base 13, what is -105 + b27?
a22
In base 16, what is -1d6032 - -5?
-1d602d
In base 14, what is -3 + -4d7?
-4da
In base 10, what is 4 - 18323?
-18319
In base 13, what is 1 - -41089?
4108a
In base 14, what is 54d6d5 + -4?
54d6d1
In base 5, what is 10 - -1324204?
1324214
In base 15, what is 4 + -2a55?
-2a51
In base 14, what is -3 - -14d15?
14d12
In base 7, what is -15643 - 2421?
-21364
In base 13, what is ca - -65?
162
In base 13, what is -6 - 36?
-3c
In base 11, what is 0 + 399247?
399247
In base 7, what is -3 - -142532?
142526
In base 11, what is -2832 + -3?
-2835
In base 10, what is 18 + -5170?
-5152
In base 4, what is 3002003 - 11?
3001332
In base 13, what is -1 - -44c9?
44c8
In base 10, what is 81 - 225?
-144
In base 8, what is 10454 - 301?
10153
In base 10, what is -16210 + 3?
-16207
In base 3, what is -101 + -1022201222?
-1022202100
In base 3, what is -2202 - 112120011?
-112122220
In base 8, what is 516 - 12021?
-11303
In base 11, what is -28 + 11071?
11044
In base 14, what is -680b - 105?
-6912
In base 5, what is -133 - -22022?
21334
In base 9, what is -80 + 500?
410
In base 16, what is -7d + 3d?
-40
In base 9, what is -18 + 8832?
8813
In base 14, what is -575bb4 + -4?
-575bb8
In base 5, what is 12320 + 34441?
102311
In base 12, what is 156 + 2043a?
20594
In base 2, what is 1101111110111 + -1011110?
1101110011001
In base 13, what is -a - -745?
738
In base 15, what is -2 - -9de93?
9de91
In base 9, what is 16 + 7228?
7245
In base 2, what is 11000011 - -101000101?
1000001000
In base 2, what is -10 + -10011100101110001000?
-10011100101110001010
In base 8, what is -531